q - s = 6. What is the units digit of q?
3
What is the hundreds digit of (331 - -8)/((-5)/(-15))?
0
What is the units digit of ((-20)/32)/5 + 18194/16?
7
Let a(h) = h**3 + 13*h**2 - 5*h - 6. Let x be a(-12). Suppose 9*l - x = 6*l. What is the tens digit of l?
6
Let y(l) = l**2 + 6*l + 1. Suppose 2*x - 14 = -2. Suppose x = 4*q - 10. What is the units digit of y(q)?
1
Suppose -865 = -5*c + 3060. What is the hundreds digit of c?
7
Let j be -42*235/(-10)*1/3. Let u = -139 + j. What is the tens digit of u?
9
Suppose -1661 = 3*r - 5171. What is the hundreds digit of r?
1
Let v(t) = 2*t - 1. Let j be -3 - (-2)/(6/9). Let y be 1*(j + 2 + -1). What is the units digit of v(y)?
1
Let d = 8 - 15. Let a = 7 + d. Suppose -3*g + a*i + 5*i = -41, -3*g - 3*i = -81. What is the tens digit of g?
2
Let u = -320 + 511. What is the hundreds digit of u?
1
Let y(i) = -i**3 + 10*i**2 - 11*i + 13. What is the tens digit of y(6)?
9
Suppose -4*q - 4*y = q - 12176, -4*y - 12184 = -5*q. What is the units digit of q?
6
Let p = 27 - -24. Let q = -28 + p. What is the tens digit of q?
2
Suppose 2*x = -3*d, 2*x + 5*d = -2*x. Suppose 4*n - 57 - 527 = x. What is the units digit of n?
6
Let c(z) = 102*z**2 - 4*z + 1. Let n be 2/4 - (-2)/4. What is the tens digit of c(n)?
9
What is the hundreds digit of (-1 + 15/6 + -2)*-1588?
7
Suppose -7*z + 4*v - 12 = -2*z, -3*z + 5*v - 15 = 0. Suppose z = 6*x - x - 585. What is the tens digit of x?
1
Suppose -3*x = 5*a - 1415, 4*x = -x - 5*a + 2375. What is the hundreds digit of x?
4
Let h(y) be the second derivative of -y**3/6 - y**2/2 - 2*y. Let d be h(0). Let s = 34 + d. What is the tens digit of s?
3
Let y(v) = v + 80. Let t be y(13). Suppose -f + x = -t, 5*f - 492 = -4*x - 0*x. What is the units digit of f?
6
Let h(r) = -31*r - 8. Let i = 29 + -34. What is the hundreds digit of h(i)?
1
Suppose 0 = -7*x + 8*x - 4. Suppose 0*c = 2*m + c - 4, 4*c = x*m - 32. Suppose a + 3*a - m = 0. What is the units digit of a?
1
Suppose 2*u = 5*y + 1173 + 1225, -2*y + 2412 = 2*u. What is the thousands digit of u?
1
Suppose 0 = -5*b + 10 + 20. What is the units digit of (-68)/b*6/(-4)?
7
Let m(i) be the third derivative of -i**4/8 - i**3/6 + i**2. Suppose 0*d = 4*d + 40. What is the tens digit of m(d)?
2
Suppose -349 = -6*h + 371. Let a = -103 + h. What is the units digit of a?
7
Let b(y) be the third derivative of y**5/60 - y**4/3 + 11*y**3/6 + 11*y**2. Let v be b(7). What is the units digit of 100/(3 - 4/v)?
0
Let d(s) = 4*s**2 - 3*s. Let o be d(2). Let l be (-21 + 5)*o/(-4). Suppose l = 3*r - 23. What is the tens digit of r?
2
Let k(r) = -9*r. Let l be k(-1). What is the units digit of 1/(-3) - (-156)/l?
7
Suppose 0 = 28*h - 30*h + 862. What is the hundreds digit of h?
4
Suppose 42*j - 29012 = -3938. What is the tens digit of j?
9
Suppose 50 = -2*h + 2*q, -5*h - 2*q = -0*q + 132. Let r = h + 37. What is the units digit of r?
1
Suppose 136 - 1446 = 5*h. Let r = -174 - h. What is the tens digit of r?
8
Let k(i) = 58*i - 227. What is the units digit of k(14)?
5
Suppose 4*k - 6*k + 3 = -5*v, 4*v = 4. Suppose -4*a = -a + 5*l - 242, k*l = 4*a - 312. What is the tens digit of a?
7
Suppose -5*w + w = 5*p + 1246, 0 = -3*w + 3. Let c = p + 369. What is the tens digit of c?
1
Suppose 18 = x - 7. Suppose x + 0 = -5*p, -p - 5 = 4*r. Suppose 4*o = -r*o + 104. What is the units digit of o?
6
Suppose m + 3*m - 5*i = -3, 5*i - 6 = 3*m. Suppose m*s = k + 5, -2*s + 1 = -4*s + 5*k. What is the units digit of s?
2
Suppose 6 = -3*w + 5*w. Let a be 0 + 4 + (-2 - 1 - -5). Suppose a + 18 = w*m. What is the units digit of m?
8
Let o(u) = -u**3 + 8*u**2 + 7. Let x be o(6). Suppose m - x = -0*m. Suppose 0 = 5*h - 81 - m. What is the tens digit of h?
3
Suppose 4*d - 2*w = 6784, -2*d - 4*w + 969 = -2443. What is the thousands digit of d?
1
Suppose 0*v - 3619 = -11*v. What is the tens digit of v?
2
Let d(n) = 41*n**2 + 9*n + 7. What is the units digit of d(6)?
7
Suppose 3*i + 5*v = 2248, -i + 2*v + 2954 = 3*i. What is the hundreds digit of i?
7
Suppose 5*c - 18 = 4*c + 4*s, -s - 36 = -2*c. Let u = c + -16. Suppose j - 33 = u. What is the units digit of j?
5
Let p be 276/34 - (-3 + (-212)/(-68)). Suppose -9*c = -4*s - 4*c + 418, -4*c + p = 0. What is the tens digit of s?
0
Let g be ((-144)/(-90))/((-2)/(-5)). Suppose g*f - 12 = 0, 4*x + 2*f = -0*f + 494. What is the units digit of x?
2
Let i(a) be the second derivative of 5*a**3/6 + 3*a**2 - 10*a. What is the units digit of i(8)?
6
Let s(l) = l**3 - 6*l**2 - 7*l - 14. Let t(w) = 24*w**3 - 2*w + 2. Let g be t(1). Suppose 3*x + 8 = 4*c - g, -2*x + 32 = 4*c. What is the tens digit of s(c)?
5
Let o(v) = 7*v**2 + 19*v + 52. What is the units digit of o(-3)?
8
Let f = 79 + -30. Suppose -r + 56 + f = 0. What is the tens digit of r?
0
Let q(r) = 2*r**2 - 3*r + 12. Let l be q(4). Let a = l + -28. What is the units digit of a?
4
Suppose 2*d = 3*d. Let h = d + -28. What is the units digit of ((-6)/8)/(7/h)?
3
Let a(t) = 14*t**2 - 4*t - 3. Let g be a(5). Let k be 2*g/6 - 3. Suppose -3*n = -k - 38. What is the tens digit of n?
4
Let y = 913 + -309. What is the hundreds digit of y?
6
Suppose -699 = -2*p - a, 3*p - 1598 = 2*a - 539. What is the units digit of p?
1
Let o(k) = -k**3 - k**2 + k - 1. Let d be o(-2). Suppose -2*a = 3*b - 158, a - 3 = d. What is the units digit of b?
0
What is the hundreds digit of 9/(-21) - 19496/(-112)*6?
0
Let a = -403 + 268. Let j = -48 - a. What is the units digit of j?
7
Let r = 261 + -244. What is the units digit of r?
7
Let f = -637 + 1052. What is the units digit of f?
5
Let i(g) = -6*g**2 + 246*g - 8. What is the thousands digit of i(17)?
2
Let p(r) = r**2 + 14*r - 72. What is the hundreds digit of p(8)?
1
Let n = 32 + -32. Suppose 4*x - 59 - 61 = n. Let o = x + -23. What is the units digit of o?
7
Suppose -5*d = -10*d, 0 = 2*u + 3*d - 2970. What is the hundreds digit of u?
4
Let k(w) be the second derivative of w**4/2 + w**3 + 3*w**2 + 8*w. What is the units digit of k(-6)?
6
Suppose -34*q = -18*q - 7024. What is the tens digit of q?
3
Let v be (-5 - -8) + 1 + 1. Suppose a = -3*b + 181, -5*b + v*a + 94 = -241. What is the tens digit of b?
6
Suppose -14*h = -24*h. Suppose -t + 4*n = -46, 2*t - 4*n + n - 77 = h. What is the tens digit of t?
3
Suppose -160 = 5*o - o. Let i be 574/(-16) - (-5)/o. What is the tens digit of i*2/18*-3?
1
Suppose -14*y + 5*d = -11*y - 5134, 1723 = y - 4*d. What is the hundreds digit of y?
7
Suppose -5*a - 311 = -t, -a - 16 = 3*a. What is the hundreds digit of t?
2
What is the hundreds digit of (-15)/(3/(-390)*2)?
9
Suppose 0 = -j - 186 - 162. Let w = -174 - j. What is the units digit of w?
4
Let g(o) = -o**3 + 8*o**2 - 3*o - 8. Let h be g(6). Let i be (1 + -1)*-1*1. Suppose 0*b + 2*b - u - h = i, b + u = 29. What is the units digit of b?
5
Suppose 19*w = 39677 + 29046. What is the tens digit of w?
1
Suppose 5*t + 7*t + 2172 = 0. Let m = -120 - t. What is the tens digit of m?
6
Let h(a) = 7*a**2 + 32*a + 65. What is the units digit of h(-19)?
4
Let o = 3609 + -1901. What is the thousands digit of o?
1
Let r(g) = g**3 - 16*g**2 - 11*g + 30. Let p be r(18). Suppose -179 + 649 = 5*a + 3*m, -5*m = 5*a - p. What is the units digit of a?
1
Let l(s) = s - 1. Let x(m) = -5*m + 7. Let o(t) = -35*l(t) - 5*x(t). Let n be o(-2). What is the units digit of 10/(-4)*(-168)/n?
1
Let b(u) = 17*u**3 - 2*u**2 + 2*u + 1. Let i be b(-2). Let d = -75 - i. What is the tens digit of d?
7
Suppose -2*y - 5 = -3*y. Suppose 8*x - 99 = y*x. What is the units digit of x?
3
Suppose 10*j - 9*j - s = 2475, 0 = -3*j - 3*s + 7419. What is the tens digit of j?
7
Suppose 3*m - 3225 = -12*m. What is the hundreds digit of m?
2
Let a(r) = 21*r**2 + 9*r + 9. Let x be a(-4). Let l = x + -138. What is the hundreds digit of l?
1
Let f(b) = -b**2 - 2*b + 1. Let n be f(-4). Let y = 101 + -3. What is the units digit of (28/y)/((-1)/n)?
2
Let d = -1608 - -2526. Suppose d - 134 = 4*f. What is the hundreds digit of f?
1
Let i = 18 - 15. Suppose x + 51 = 5*c + i*x, 4*c - 39 = -x. What is the units digit of c?
9
Let s be -2 + 3 + -1 + 2. Suppose -6 = -2*h + s. Suppose -t + 43 = 2*t + 2*u, -h*t = 3*u - 56. What is the units digit of t?
7
Let j be (-24)/(-28)*(-21)/(-6). Suppose 955 = 2*r + j*r. What is the tens digit of r?
9
Let r = 57